site?
False
Is 29213 prime?
False
Is 49961 prime?
False
Is 179591 a composite number?
False
Is 160729 prime?
False
Is 54559 composite?
False
Is 263303 a composite number?
False
Is 3163 prime?
True
Is 449227 a composite number?
False
Is 265231 a composite number?
False
Is 432563 a prime number?
False
Is 635 a composite number?
True
Is 36083 a composite number?
False
Is 29473 a composite number?
False
Is 317321 a prime number?
True
Is 174449 a prime number?
False
Is 261823 a prime number?
True
Is 51403 a prime number?
False
Is 4633 prime?
False
Is 110135 prime?
False
Is 22513 prime?
False
Is 96991 composite?
True
Is 8999 prime?
True
Is 222461 composite?
False
Is 87923 a prime number?
False
Is 7327 prime?
False
Is 210437 a prime number?
True
Is 461479 a composite number?
False
Is 47098 a prime number?
False
Is 520433 a prime number?
True
Is 1148683 composite?
True
Is 2531 a composite number?
False
Is 11969 prime?
True
Is 21361 composite?
True
Is 996089 a prime number?
False
Is 1179559 a composite number?
True
Is 4861 a prime number?
True
Is 14138 prime?
False
Is 750929 prime?
True
Is 117685 composite?
True
Is 9683 a prime number?
False
Is 117899 prime?
True
Is 68017 a composite number?
True
Is 19673 a composite number?
True
Is 276739 a prime number?
True
Is 56039 composite?
False
Is 34507 composite?
True
Is 6823 a prime number?
True
Is 1889 prime?
True
Is 1191 a prime number?
False
Is 5131063 composite?
True
Is 1742219 a prime number?
False
Is 171023 a composite number?
False
Is 14021 composite?
True
Is 3003859 composite?
False
Is 27418 a prime number?
False
Is 300607 a prime number?
False
Is 121721 a composite number?
False
Is 12319 composite?
True
Is 21657 composite?
True
Is 21647 prime?
True
Is 95239 composite?
False
Is 22229 prime?
True
Is 14381 composite?
True
Is 3907 a composite number?
False
Is 97073 composite?
False
Is 288797 a composite number?
True
Is 6733 a prime number?
True
Is 24169 composite?
False
Is 22109 prime?
True
Is 34889 a composite number?
True
Is 952366 prime?
False
Is 162061 prime?
False
Is 2521 a composite number?
False
Is 58477 a prime number?
True
Is 24155 prime?
False
Is 3079 a prime number?
True
Is 21557 a prime number?
True
Is 65921 composite?
False
Is 101155 a prime number?
False
Is 50647 a prime number?
True
Is 3101 prime?
False
Is 3085 a composite number?
True
Is 33851 prime?
True
Is 19531 composite?
False
Is 1450847 prime?
True
Is 4223629 a prime number?
True
Is 10007 a prime number?
True
Is 1261 a prime number?
False
Is 3287 a prime number?
False
Is 145349 composite?
False
Is 75533 composite?
False
Is 80651 prime?
True
Is 8663 composite?
False
Is 40459 a prime number?
True
Is 24253 a prime number?
False
Is 57207 a composite number?
True
Is 13033 a composite number?
False
Is 21961 prime?
True
Is 114689 a composite number?
False
Is 53 prime?
True
Is 238409 a composite number?
True
Is 35069 composite?
False
Is 84359 a prime number?
False
Is 8465 composite?
True
Is 5801 a composite number?
False
Is 15595 composite?
True
Is 487933 composite?
False
Is 2016919 prime?
True
Is 93529 composite?
False
Is 384469 composite?
False
Is 138863 prime?
True
Is 5723 prime?
False
Is 3359 a prime number?
True
Is 56261 composite?
True
Is 73339 a composite number?
True
Is 127763 composite?
False
Is 51403 a composite number?
True
Is 4889 composite?
False
Is 12739 composite?
False
Is 7217 a composite number?
True
Is 157381 composite?
True
Is 940931 a composite number?
False
Is 12839 composite?
True
Is 234989 a prime number?
True
Is 55313 a prime number?
True
Is 25399 a prime number?
False
Is 88419 a prime number?
False
Is 203707 prime?
False
Is 321983 prime?
True
Is 2832605 a prime number?
False
Is 195159 a composite number?
True
Is 495823 composite?
True
Is 85385 a prime number?
False
Is 64481 a composite number?
True
Is 4063 a composite number?
True
Is 55469 prime?
True
Is 679 prime?
False
Is 5879 prime?
True
Is 3371339 a composite number?
False
Is 117563 composite?
False
Is 2726855 prime?
False
Is 672541 a composite number?
True
Is 15713 composite?
True
Is 1637 a prime number?
True
Is 919 a composite number?
False
Is 1930859 prime?
False
Is 8885 a composite number?
True
Is 33851 composite?
False
Is 72749 prime?
False
Is 47899 composite?
True
Is 6803 a composite number?
False
Is 424453 a prime number?
False
Is 693223 composite?
False
Is 27733 a composite number?
False
Is 35143 prime?
False
Is 2267 prime?
True
Is 8767 composite?
True
Is 19961 a composite number?
False
Is 4945595 a composite number?
True
Is 599883 a prime number?
False
Is 10133 a prime number?
True
Is 31531 prime?
True
Is 554849 a composite number?
False
Is 6207 a prime number?
False
Is 23263 prime?
False
Is 13217 a prime number?
True
Is 21635 a composite number?
True
Is 3037 composite?
False
Is 42979 a composite number?
False
Is 595801 prime?
True
Is 148477 prime?
False
Is 214831 a prime number?
True
Is 13043 a composite number?
False
Is 8009 a prime number?
True
Is 182417 prime?
True
Is 1147561 a composite number?
False
Is 44839 a composite number?
False
Is 150317 a composite number?
True
Is 780649 a prime number?
True
Is 278367 a composite number?
True
Is 191999 composite?
False
Is 164299 a composite number?
False
Is 5305 a prime number?
False
Is 696413 a composite number?
False
Is 413353 composite?
False
Is 15161 composite?
False
Is 19667 composite?
True
Is 10427 a composite number?
False
Is 1141405 a composite number?
True
Is 48689 composite?
True
Is 594038 composite?
True
Is 162303 a composite number?
True
Is 30361 prime?
False
Is 1312555 a prime number?
False
Is 17089 a composite number?
True
Is 82261 prime?
True
Is 101083 prime?
False
Is 815545 composite?
True
Is 482487 prime?
False
Is 12053 a composite number?
True
Is 51407 a composite number?
False
Is 59051 prime?
True
Is 85713 a prime number?
False
Is 90053 prime?
True
Is 81381 a prime number?
False
Is 178927 prime?
False
Is 31561 composite?
True
Is 2771 composite?
True
Is 1360349 a prime number?
True
Is 245963 prime?
True
Is 272963 a prime number?
False
Is 39062 a composite number?
True
Is 1897 a prime number?
False
Is 200071 composite?
True
Is 3027 composite?
True
Is 7789 a prime number?
True
Is 228013 composite?
False
Is 517709 composite?
True
Is 381911 prime?
True
Is 743269 a prime number?
True
Is 34107 a composite number?
True
Is 93281 composite?
False
Is 3970739 a composite number?
False
Is 149329 composite?
True
Is 511057 a prime number?
True
Is 1259 prime?
True
Is 31289 a prime number?
False
Is 275881 a prime number?
True
Is 18839 composite?
False
Is 355 a composite number?
True
Is 1390291 prime?
False
Is 2103383 prime?
True
Is 57413 a prime number?
True
Is 3511 a prime number?
True
Is 7727 a composite number?
False
Is 2779 a prime number?
False
Is 650813 a composite number?
False
Is 40159 prime?
False
Is 27989 a prime number?
False
Is 25439 prime?
True
Is 45829 a composite number?
True
Is 1195 composite?
True
Is 44839 a prime number?
True
Is 188563 a composite number?
False
Is 15482 prime?
False
Is 63929 composite?
False
Is 48245 prime?
False
Is 7283 a composite number?
False
Is 2181 a composite number?
True
Is 82067 a composite number?
False
Is 2821313 a prime number?
False
Is 836107 composite?
False
Is 797 a composite number?
False
Is 378311 a composite number?
True
Is 4711 a composite number?
True
Is 5071 a prime number?
False
Is 147265 composite?
True
Is 125471 a composite number?
False
Is 56873 a prime number?
True
Is 74021 prime?
True
Is 16183 a prime number?
True
Is 10897 prime?
False
Is 103369 composite?
True
Is 9233 a composite number?
True
Is 341771 a prime number?
True
Is 78395 composite?
True
Is 2411 composite?
False
Is 7727 a composite number?
False
Is 317 a composite number?
False
Is 6469 a prime number?
True
Is 10063 a prime number?
False
Is 309977 prime?
True
Is 1819 a composite number?
True
Is 1932311 prime?
False
Is 235361 composite?
True
Is 187 composite?
True
Is 32177 composite?
True
Is 104513 a prime number?
True
Is 66401 a composite number?
True
Is 1848799 prime?
False
Is 32681 a prime number?
False
Is 37535 prime?
False
Is 22105 a composite number?
True
Is 12323 composite?
False
Is 226441 a composite number?
True
Is 3607 a prime number?
True
Is 394859 prime?
False
Is 55073 